 665595?
3, 5, 7, 2113
What are the prime factors of 139150?
2, 5, 11, 23
List the prime factors of 339610.
2, 5, 33961
What are the prime factors of 628949?
17, 36997
List the prime factors of 3100187.
29, 106903
List the prime factors of 4999838.
2, 2499919
What are the prime factors of 3589281?
3, 89, 4481
List the prime factors of 2593061.
17, 152533
What are the prime factors of 226175?
5, 83, 109
What are the prime factors of 723993?
3, 373, 647
List the prime factors of 1997642.
2, 23, 43427
What are the prime factors of 136250?
2, 5, 109
What are the prime factors of 6993748?
2, 19, 23, 4001
List the prime factors of 21648090.
2, 3, 5, 457, 1579
List the prime factors of 10324887.
3, 37, 191, 487
List the prime factors of 13130369.
7, 193, 9719
What are the prime factors of 4175219?
199, 20981
List the prime factors of 269238.
2, 3, 23, 1951
What are the prime factors of 1160829?
3, 128981
List the prime factors of 2979909.
3, 12263
What are the prime factors of 341534?
2, 170767
List the prime factors of 23506566.
2, 3, 3917761
List the prime factors of 6864226.
2, 17, 201889
What are the prime factors of 6170600?
2, 5, 30853
List the prime factors of 2895556.
2, 709, 1021
List the prime factors of 741493.
741493
List the prime factors of 11780460.
2, 3, 5, 65447
List the prime factors of 220977.
3, 43, 571
What are the prime factors of 338816?
2, 2647
List the prime factors of 794911.
13, 47, 1301
List the prime factors of 15926533.
7, 2275219
List the prime factors of 20914610.
2, 5, 2091461
What are the prime factors of 68862?
2, 3, 23, 499
List the prime factors of 174585.
3, 5, 103, 113
List the prime factors of 615889.
43, 14323
List the prime factors of 10876499.
10876499
List the prime factors of 385807.
193, 1999
What are the prime factors of 27329263?
13, 2102251
What are the prime factors of 6263738?
2, 13, 240913
List the prime factors of 115707.
3, 38569
List the prime factors of 4783372.
2, 11, 9883
What are the prime factors of 1946672?
2, 7, 13, 191
List the prime factors of 6170114.
2, 3085057
What are the prime factors of 4181797?
4181797
What are the prime factors of 274406?
2, 11, 12473
List the prime factors of 475528.
2, 59441
List the prime factors of 14243964.
2, 3, 7, 37, 4583
List the prime factors of 1002229.
89, 11261
What are the prime factors of 3420465?
3, 5, 37, 6163
What are the prime factors of 93153?
3, 31051
What are the prime factors of 3429672?
2, 3, 142903
What are the prime factors of 4135147?
23, 163, 1103
List the prime factors of 427417.
427417
List the prime factors of 414267.
3, 7, 19727
List the prime factors of 2371948.
2, 592987
List the prime factors of 4632192.
2, 3, 4021
What are the prime factors of 265965?
3, 5, 7, 17, 149
List the prime factors of 120554.
2, 7, 79, 109
List the prime factors of 2135644.
2, 7, 89, 857
What are the prime factors of 4807274?
2, 1051, 2287
List the prime factors of 33986406.
2, 3, 5664401
What are the prime factors of 206650?
2, 5, 4133
List the prime factors of 1703030.
2, 5, 7, 24329
What are the prime factors of 9772849?
1031, 9479
What are the prime factors of 1353146?
2, 676573
List the prime factors of 4267920.
2, 3, 5, 17783
List the prime factors of 3292405.
5, 167, 3943
What are the prime factors of 16819995?
3, 5, 1121333
List the prime factors of 113496.
2, 3, 4729
What are the prime factors of 795859?
113, 7043
List the prime factors of 5442203.
13, 418631
What are the prime factors of 185490?
2, 3, 5, 229
What are the prime factors of 358743?
3, 7, 11, 1553
What are the prime factors of 101023?
13, 19, 409
List the prime factors of 3458966.
2, 7, 247069
List the prime factors of 10023957.
3, 1113773
What are the prime factors of 228129?
3, 11, 31, 223
List the prime factors of 569487.
3, 19, 97, 103
What are the prime factors of 88179?
3, 7, 13, 17, 19
What are the prime factors of 8271681?
3, 11, 22787
What are the prime factors of 334097?
61, 5477
List the prime factors of 11896116.
2, 3, 991343
List the prime factors of 12301005.
3, 5, 820067
List the prime factors of 5832448.
2, 22783
List the prime factors of 1918430.
2, 5, 19, 23, 439
What are the prime factors of 239728?
2, 14983
List the prime factors of 1094222.
2, 17, 32183
List the prime factors of 638373.
3, 212791
List the prime factors of 43288248.
2, 3, 1803677
List the prime factors of 684970.
2, 5, 11, 13, 479
What are the prime factors of 2156132?
2, 11, 49003
List the prime factors of 427830.
2, 3, 5, 13, 1097
List the prime factors of 1329562.
2, 13, 51137
What are the prime factors of 8109847?
83, 199, 491
What are the prime factors of 16786567?
7, 37, 47, 197
What are the prime factors of 4353816?
2, 3, 181409
What are the prime factors of 16027903?
16027903
List the prime factors of 12141105.
3, 5, 809407
List the prime factors of 143318.
2, 7, 29, 353
What are the prime factors of 12896022?
2, 3, 19, 113123
What are the prime factors of 4920797?
7, 71, 9901
What are the prime factors of 148818?
2, 3, 17, 1459
List the prime factors of 6195505.
5, 31, 39971
List the prime factors of 646257.
3, 31, 6949
List the prime factors of 82733.
7, 53, 223
What are the prime factors of 228386?
2, 114193
List the prime factors of 2545534.
2, 31, 41057
List the prime factors of 2060597.
7, 11, 3823
List the prime factors of 1252857.
3, 37, 11287
What are the prime factors of 6394254?
2, 3, 1065709
What are the prime factors of 245157?
3, 11, 17, 19, 23
What are the prime factors of 157139?
31, 37, 137
What are the prime factors of 3328019?
3328019
What are the prime factors of 772796?
2, 43, 4493
List the prime factors of 450577.
107, 4211
List the prime factors of 105553.
7, 17, 887
List the prime factors of 258842.
2, 17, 23, 331
What are the prime factors of 9621186?
2, 3, 1603531
What are the prime factors of 109721?
109721
What are the prime factors of 322871?
322871
What are the prime factors of 106728?
2, 3, 4447
What are the prime factors of 13078188?
2, 3, 29, 12527
List the prime factors of 266071.
13, 97, 211
List the prime factors of 18318206.
2, 9159103
List the prime factors of 751.
751
What are the prime factors of 1079574?
2, 3, 23, 7823
What are the prime factors of 166557?
3, 59, 941
List the prime factors of 137775.
3, 5, 11, 167
What are the prime factors of 8076691?
7, 19, 60727
What are the prime factors of 9824108?
2, 7, 50123
What are the prime factors of 11152006?
2, 953, 5851
What are the prime factors of 1246566?
2, 3, 373, 557
What are the prime factors of 796381?
137, 5813
What are the prime factors of 30239121?
3, 11, 916337
List the prime factors of 21856895.
5, 41, 106619
What are the prime factors of 16617906?
2, 3, 439, 701
List the prime factors of 117551.
7, 2399
List the prime factors of 203048.
2, 17, 1493
What are the prime factors of 7716559?
7716559
What are the prime factors of 1985105?
5, 97, 4093
What are the prime factors of 423998?
2, 101, 2099
List the prime factors of 393079.
393079
List the prime factors of 7652497.
19, 402763
List the prime factors of 300339.
3, 13, 17, 151
List the prime factors of 4369533.
3, 7, 208073
List the prime factors of 4035349.
89, 45341
What are the prime factors of 111480?
2, 3, 5, 929
List the prime factors of 3982302.
2, 3, 221239
What are the prime factors of 1692257?
7, 151, 1601
List the prime factors of 14370839.
7, 2052977
List the prime factors of 9304612.
2, 37, 62869
What are the prime factors of 23754728?
2, 157, 18913
List the prime factors of 267894.
2, 3, 11, 41
List the prime factors of 172425.
3, 5, 11, 19
List the prime factors of 2076535.
5, 31, 13397
What are the prime factors of 24480513?
3, 1049, 2593
List the prime factors of 7743355.
5, 19, 81509
List the prime factors of 3561972.
2, 3, 296831
List the prime factors of 1296827.
7, 229, 809
What are the prime factors of 14249100?
2, 3, 5, 47497
What are the prime factors of 1348291?
7, 192613
What are the prime factors of 3026494?
2, 109, 13883
What are the prime factors of 206914?
2, 103457
What are the prime factors of 9111?
3, 3037
List the prime factors of 367024.
2, 7, 29, 113
What are the prime factors of 238202?
2, 119101
List the prime factors of 1856441.
1856441
List the prime factors of 2234706.
2, 3, 372451
What a